t the prime factors of (-9)/(-1)*(-2)/o.
2, 3
Suppose -d = 2*s - 48, d + 3*s - 92 = -d. Let l = -23 + d. What are the prime factors of l?
17
Let y(h) = -h**3 - 6*h**2 - 6*h - 3. Let b be y(-5). Suppose 7*x = b*x + 155. What are the prime factors of x?
31
Let a = -12 - -36. Suppose a - 8 = i. List the prime factors of i.
2
Suppose 38 = -3*b - o + 119, -6 = 2*o. What are the prime factors of b?
2, 7
Let i(r) = 25*r - 1. Let b be i(-1). Let n = -35 + -4. Let d = b - n. What are the prime factors of d?
13
Let u(n) = -n**3 + 19*n**2 - 14*n - 3. What are the prime factors of u(18)?
3, 23
Suppose 8*h - 5*h = 27. List the prime factors of h.
3
Let b be (2/(-4))/((-2)/144). Suppose 0 = -2*d - 0*d + b. List the prime factors of d.
2, 3
What are the prime factors of (-4)/(-6) + (-112)/(-63)*102?
2, 7, 13
Let n = 50 - 86. List the prime factors of (0 - -1)*n/(-4).
3
Let a = 6 - 4. List the prime factors of (-1*a)/(5/(-20)).
2
Let s = -64 + 164. List the prime factors of s.
2, 5
Let g(d) = -3*d. Let o(t) = -t**3 - 4*t**2 + 3*t + 2. Let b be o(-4). Let u be 4/b*(10 - 0). What are the prime factors of g(u)?
2, 3
Let g(a) = a + 10. Let o be g(-8). Let v(n) = 2*n + 1. Let x be v(2). Let b = x - o. What are the prime factors of b?
3
Suppose -3*o + o = 4*b - 96, 0 = -5*b + 4*o + 133. List the prime factors of b.
5
Let x(r) = -r**3 - 10*r**2 - 9*r + 5. Let c be x(-9). Suppose -a = -4*h + 2*h - 3, 3*h = c*a - 1. List the prime factors of a/((-3)/4)*9.
2, 3
Suppose 5*c = 4*s - 9 + 25, 2*c = 4*s + 16. Suppose c = 4*l - 2 - 2. List the prime factors of 14 + 1*(l - 3).
2, 3
Suppose 16 = 3*n + 7. List the prime factors of n.
3
Suppose -7*y = -4*y - 783. List the prime factors of y/12 - 2/(-8).
2, 11
Suppose 4*f - 128 = -y, 0*y = -y - f + 122. Suppose -2*h - 2*a + 98 = 0, -3*h - 2*a = -4*a - 127. Suppose -5*r - h = -y. List the prime factors of r.
3, 5
Suppose i = -4*i + 235. What are the prime factors of i?
47
Suppose 2*y + 24 = 5*y. Let l(x) = 3*x**3 + 6*x + 6 - 2*x**3 + 2*x - 9*x**2. What are the prime factors of l(y)?
2, 3
Suppose 3*t + 3*i + 35 = -i, -t - 3*i - 20 = 0. Let b = 1 - t. Suppose -q + b*v - 2*v + 22 = 0, 4*q - v - 28 = 0. List the prime factors of q.
2, 3
Let d(m) = 31*m - 25. Let n(b) = 6*b - 5. Let l(u) = 2*d(u) - 11*n(u). Let y be l(-5). Let s = 40 - y. What are the prime factors of s?
3, 5
Let x be 1*(-2)/4*58. Let p = x - -15. What are the prime factors of p*-1*3/6?
7
Suppose 10*r = 7*r + 18. Suppose 48 = -2*s + r*s. What are the prime factors of s?
2, 3
Let h be 24/14 - (-2)/7. Suppose -3*q - h*c = 7, -2*q - c + 4 = 7. What are the prime factors of (-12)/(q - 1 - 1)?
2, 3
Suppose -64 + 4 = -5*t. Let b be t/8 - 2/(-4). Suppose b*n = -3*x + 5 + 5, n + 5 = x. List the prime factors of x.
2
Let j(q) = -15*q + 1. What are the prime factors of j(-3)?
2, 23
Let w(b) be the third derivative of b**5/60 + b**4/8 + b**3/3 + b**2. Let s be -3 + (-8)/(-4) - 3. What are the prime factors of w(s)?
2, 3
Suppose 5*v - v - 2 = -2*a, 4*a - 8 = -4*v. Suppose 11 = a*q - 34. What are the prime factors of q?
3, 5
Let s = 14 - 10. List the prime factors of s*3/(-12)*-11.
11
Let n be ((-33)/(-1))/(1 + -2). Let p = 63 + n. What are the prime factors of p?
2, 3, 5
What are the prime factors of (494/(-95))/((-2)/150)?
2, 3, 5, 13
What are the prime factors of (-519)/(-5) + (-7)/(-70)*2?
2, 13
Suppose -376 = -4*g - 5*r, -g + 0*g + 119 = -5*r. What are the prime factors of g?
3, 11
Let o = -8 - -33. List the prime factors of o.
5
Suppose 0 = -5*w - 5*u + 135, -86 = -5*w - 3*u + 59. Suppose -z + 10 = 32. Let o = z + w. List the prime factors of o.
2, 5
Let b(h) = -25*h - 2. List the prime factors of b(-1).
23
Suppose i = -h + 112, -3*i + h = -6*i + 332. What are the prime factors of i?
2, 5, 11
Let k = 6 - 6. List the prime factors of 4 - (k - 1)/1.
5
Let u(t) = 19*t - 38. List the prime factors of u(23).
3, 7, 19
Suppose -21 = -0*s - s. Suppose s = 5*z - 14. Let h = z + -3. What are the prime factors of h?
2
Let w = 6 + -4. Let p = w - -1. Suppose 0*x - p*x + 18 = 0. List the prime factors of x.
2, 3
Let l(v) = 11 - 3 - 201*v + 202*v. Suppose -1 + 7 = -z. What are the prime factors of l(z)?
2
Suppose 4*q = 4*x - 2*x - 138, 5*x + 5*q = 285. List the prime factors of x.
61
Let b(w) = -w**2 - 1. Let m be 2/(-3)*18/(-12). Let n(g) = 2*g**2 - 4*g + 2. Let x(v) = m*n(v) + b(v). List the prime factors of x(5).
2, 3
Suppose -l - 3*l + 4*y = -148, 5*l + 4*y - 176 = 0. Suppose 0 = -3*a - 4*q + 44, 2*q - 14 = 4*a - l. List the prime factors of a.
2
Let o be ((-36)/4 - -1)*-1. Suppose 3*g = a + 2*g + 1, 5*a + g = 1. Suppose a*t + o = t. List the prime factors of t.
2
Let b(a) = -3*a - 22. What are the prime factors of b(-9)?
5
Suppose 3*y - 1 = 8, -3*y + 93 = 2*m. Suppose -m - 9 = -3*t. What are the prime factors of t?
17
Suppose 0 = -c - 8 + 142. What are the prime factors of c?
2, 67
Let a(l) = 2*l**3 - 3*l**2 - l + 2. Let g be a(2). Suppose -c - 5*y = -4*c + 87, -g*y = -5*c + 145. What are the prime factors of c?
29
Let a(n) = 2*n**2 + 6*n + 1. What are the prime factors of a(-9)?
109
Let o(r) = r. Let d(a) = -7*a + 10. Let k(j) = d(j) + 6*o(j). Suppose 0 = 4*h - 0*h - 20. List the prime factors of k(h).
5
Suppose 3*r - 872 = -r. What are the prime factors of r?
2, 109
What are the prime factors of (4/(-5))/((-16)/(-40)) + 48?
2, 23
Let p(s) = 2*s + 6. Let t = 46 + -64. Let w = t + 25. What are the prime factors of p(w)?
2, 5
Let n(h) = 7*h**3 - h**2 + 2*h - 1. What are the prime factors of n(1)?
7
Let o(d) = -d**2 + 2*d - 1. Let i be o(1). Let s(a) = -a**3 - 5*a**2 - 5*a - 1. Let c be s(-4). Suppose -p = -i*p - c. What are the prime factors of p?
3
Suppose -4*m - 8 = -3*d + 9, -2*d + 5*m = -9. Let r(v) = d*v - v - 1 - v. List the prime factors of r(1).
2
Let n(s) be the third derivative of -s**4/24 + s**3/6 + 6*s**2. Suppose -15 = 5*h, -7*f + 3*f - 31 = 5*h. List the prime factors of n(f).
5
List the prime factors of 8/(-28) + (-930)/(-21).
2, 11
Let l(i) = -4*i**2 - 2*i. Let f(p) = -p**2 + 3*p + 3*p**2 - 2*p. Let s(g) = 13*f(g) + 6*l(g). What are the prime factors of s(2)?
2, 5
Suppose 4*p + 2*r - 460 = 0, -2*p + 6*p - 436 = 4*r. What are the prime factors of p?
113
Let m be -3*(2 + 2 + -7). Let o = 17 - m. What are the prime factors of o?
2
Let i = 21 - 0. What are the prime factors of i - (3 - 2) - 3?
17
Let m be (-4)/((-3)/75*2). Suppose -m = 3*j - 8*j. List the prime factors of j.
2, 5
Suppose -4*y + 4*p = -19 - 181, -4*p = -5*y + 253. What are the prime factors of y?
53
Let z(p) = 9*p - 78. What are the prime factors of z(17)?
3, 5
What are the prime factors of 18/24 - 197/(-4)?
2, 5
Suppose 2370 = 8*b - 2*b. List the prime factors of b.
5, 79
Suppose 3*j - 2*h = h + 30, 5*j - 35 = 2*h. Let s = j - 1. What are the prime factors of s?
2
Let x be 2/(-6) - (-7)/3. Suppose x*m - m + 3*g = 30, 4*g = 20. List the prime factors of m.
3, 5
What are the prime factors of (4/30)/(1/5)*222?
2, 37
Let c = 26 - 14. Suppose -2*n = -d - c - 5, d = n - 8. List the prime factors of n.
3
Let a(v) = -3 + 0 - v - 5. Let g be a(7). Let q = g + 22. List the prime factors of q.
7
Suppose -4*g + 8*g = 312. What are the prime factors of ((-20)/(-15))/(4/g)?
2, 13
Let w = 131 + -83. Suppose -2*m - m + w = 0. What are the prime factors of m?
2
Let j be ((-6)/4)/(2/(-4)). Suppose 0 = j*r - 0*r - 33. What are the prime factors of r?
11
What are the prime factors of (-7)/21 - (-73)/3?
2, 3
Suppose 3*q - 70 = -2*q. Suppose 4*k = 2*k + 14. Let c = q - k. What are the prime factors of c?
7
Suppose 0 = 4*l - o + 113, 8*l - 4*l + 111 = -o. List the prime factors of (4/16)/((-1)/l).
7
Let v(m) = 4*m. Let q be (-18)/(-6) - (-2)/(-2). List the prime factors of v(q).
2
Let n be 68/(-12) + (-1)/3. Let x = 10 + n. What are the prime factors of x?
2
List the prime factors of (1 + 65/10)*6.
3, 5
Let f(l) = -2*l + 2. Let p be f(4). Let v = p + 10. What are the prime factors of v?
2
Let i(x) = 2*x. Let n be (-2)/(-4)*(6 + -2). Let k be i(n). Suppose l + 3*l - 24 = -k*s, -l = -4*s - 26. What are the prime factors of l?
2, 5
Suppose -h + 4*h = 18. What are the prime factors of h?
2, 3
Suppose 2*f - j - 205 = -0*f, 3*f - 315 = -j. What are the prime factors of f?
2, 13
Suppose -8*u = 4 - 1004. List the prime factors of u.